
False
Does 36 divide 42694376?
False
Does 31 divide 154503867?
False
Is 717640 a multiple of 308?
True
Is 48498660 a multiple of 15?
True
Is 33340860 a multiple of 45?
True
Does 37 divide 1378671133?
False
Is 545 a factor of 1343218445?
True
Is 173 a factor of 5524519672?
False
Is 1031 a factor of 1135750504?
False
Is 89 a factor of 6289808?
True
Does 49 divide 404254557?
True
Is 40 a factor of 5603009?
False
Does 11 divide 92594975?
True
Does 180 divide 33543360?
True
Is 8268029 a multiple of 470?
False
Does 663 divide 29691129?
True
Does 55 divide 108312889?
False
Is 27 a factor of 11628873?
True
Is 28100335 a multiple of 53?
True
Is 26757752 a multiple of 14?
True
Is 26 a factor of 8177478348?
True
Is 10 a factor of 51638288?
False
Is 1450309344 a multiple of 1104?
True
Does 45 divide 255381525?
True
Does 36 divide 11185407?
False
Does 2002 divide 1644254612?
True
Is 31 a factor of 311648399?
False
Is 6 a factor of 34744066?
False
Is 98431704 a multiple of 5054?
True
Does 1379 divide 30086456?
False
Is 38220112 a multiple of 851?
True
Is 295 a factor of 22247720?
True
Is 66263709 a multiple of 93?
True
Is 71 a factor of 250740263?
True
Is 61255974 a multiple of 26?
True
Does 22 divide 474500092?
True
Is 391 a factor of 1038785731?
True
Is 21094427 a multiple of 74?
False
Is 137 a factor of 43830206?
False
Does 177 divide 36177175?
False
Is 6 a factor of 840324622?
False
Does 35 divide 293938610?
True
Is 31269379 a multiple of 79?
False
Does 4 divide 8063936?
True
Is 6144 a factor of 770289594?
False
Is 11491284 a multiple of 21?
True
Does 79 divide 1085469559?
True
Is 853 a factor of 33862394?
True
Is 9678394 a multiple of 2195?
False
Does 7 divide 47025483?
False
Is 2081 a factor of 504954843?
False
Is 6 a factor of 293110505?
False
Is 44182725 a multiple of 594?
False
Is 105 a factor of 30517095?
True
Is 46 a factor of 236890984?
True
Is 5 a factor of 471385?
True
Is 1088492716 a multiple of 732?
False
Is 6633974 a multiple of 16?
False
Is 414960749 a multiple of 197?
False
Is 84 a factor of 270919320?
True
Is 486795295 a multiple of 70?
False
Is 156168219 a multiple of 87?
True
Is 12 a factor of 176468040?
True
Does 624 divide 117318211?
False
Is 1561 a factor of 3045701442?
True
Does 1931 divide 154431725?
True
Is 1137143018 a multiple of 3014?
True
Does 18 divide 57547854?
True
Is 365696490 a multiple of 417?
True
Does 338 divide 402954136?
True
Is 3 a factor of 5291844?
True
Is 895 a factor of 2855480495?
True
Is 1440 a factor of 1018429920?
True
Does 901 divide 15645865?
True
Does 3 divide 6305693?
False
Does 48 divide 2380880880?
True
Is 147 a factor of 34950573?
True
Is 10 a factor of 79198311?
False
Does 23 divide 20931840?
True
Does 288 divide 259241307?
False
Is 1514938 a multiple of 44?
False
Does 1236 divide 293448551?
False
Is 7614 a factor of 153406872?
True
Is 147163603 a multiple of 30?
False
Is 6146743974 a multiple of 138?
True
Does 25 divide 209462725?
True
Is 999 a factor of 398059933?
False
Is 314 a factor of 183056534?
False
Is 19016194 a multiple of 1481?
False
Is 20325213 a multiple of 57?
False
Does 276 divide 1685718852?
True
Is 125754441 a multiple of 236?
False
Is 349 a factor of 1486496049?
True
Is 595997865 a multiple of 45?
True
Is 99153737 a multiple of 15?
False
Is 2 a factor of 358205936?
True
Is 40690989 a multiple of 57?
True
Is 43523794 a multiple of 2831?
True
Does 1434 divide 742366205?
False
Is 473 a factor of 1037191089?
True
Is 4 a factor of 201500205?
False
Is 4 a factor of 186131140?
True
Is 81 a factor of 594641088?
True
Is 32225547 a multiple of 47?
False
Is 31 a factor of 118302138?
True
Does 2 divide 179922320?
True
Is 194 a factor of 12890524?
True
Is 61191826 a multiple of 484?
False
Does 1086 divide 182132760?
False
Does 34 divide 148400392?
False
Is 90099514 a multiple of 32?
False
Does 150 divide 119870881?
False
Is 4068 a factor of 323397864?
True
Does 5 divide 276250969?
False
Is 37396928 a multiple of 107?
True
Does 29 divide 738232525?
False
Does 729 divide 64864233?
True
Is 87 a factor of 5433380?
False
Is 53796780 a multiple of 279?
True
Does 8 divide 42008226?
False
Does 5493 divide 1109706497?
False
Is 6821078 a multiple of 318?
False
Is 559401312 a multiple of 1111?
False
Is 175 a factor of 1568506?
False
Does 61 divide 24074452?
False
Is 152952662 a multiple of 46?
False
Does 5 divide 12706860?
True
Does 11338 divide 5048672513?
False
Is 95 a factor of 152020865?
False
Does 6 divide 133992627?
False
Is 1640 a factor of 1417029121?
False
Is 20 a factor of 1287795981?
False
Is 1392813756 a multiple of 62?
True
Is 107821506 a multiple of 78?
True
Does 174 divide 23732493?
False
Does 175 divide 834054375?
True
Is 13 a factor of 89281536?
False
Is 1877 a factor of 423216575?
True
Is 210106490 a multiple of 10?
True
Is 188 a factor of 21876094?
False
Is 3108953 a multiple of 31?
False
Is 390315219 a multiple of 21?
True
Is 1911751328 a multiple of 356?
True
Does 47 divide 153629956?
False
Does 5 divide 4851559?
False
Does 196 divide 63308588?
True
Is 178603492 a multiple of 6?
False
Is 19181483 a multiple of 21?
False
Is 5842 a factor of 472156282?
True
Is 436 a factor of 310334336?
True
Is 8882634 a multiple of 169?
False
Does 900 divide 5928203?
False
Is 302894865 a multiple of 105?
True
Does 1673 divide 95151926?
False
Is 200289401 a multiple of 62?
False
Is 19 a factor of 89618559?
False
Is 120489140 a multiple of 20?
True
Is 478819450 a multiple of 50?
True
Is 9 a factor of 82988025?
False
Does 475 divide 27034832?
False
Is 39 a factor of 12817584?
True
Is 21 a factor of 1849617?
True
Is 20053830 a multiple of 15?
True
Does 30 divide 576750450?
True
Is 2730 a factor of 76096020?
True
Is 10 a factor of 198948191?
False
Is 1216020000 a multiple of 777?
False
Does 4 divide 216556920?
True
Does 11 divide 106914948?
False
Is 902 a factor of 1182095361?
False
Is 50 a factor of 132193450?
True
Does 15 divide 152905785?
True
Is 6631158 a multiple of 535?
False
Is 77947099 a multiple of 1355?
False
Is 40438404 a multiple of 172?
True
Is 121725361 a multiple of 4?
False
Does 2641 divide 52030341?
True
Is 110 a factor of 106548860?
True
Does 49 divide 754985415?
False
Is 5 a factor of 13553116?
False
Does 72 divide 838336752?
True
Does 2023 divide 76072892?
True
Does 78 divide 486235754?
False
Does 23 divide 382393676?
True
Is 243 a factor of 33529703?
False
Is 10 a factor of 246456940?
True
Is 1794172842 a multiple of 21?
True
Is 46 a factor of 136585224?
True
Is 7806463 a multiple of 28?
False
Is 80 a factor of 30013440?
True
Is 37 a factor of 222014511?
False
Is 602762008 a multiple of 2194?
True
Is 1101 a factor of 35506149?
True
Is 711494900 a multiple of 722?
True
Is 699 a factor of 143357910?
True
Does 11 divide 6277519?
False
Is 725328 a multiple of 36?
True
Is 82 a factor of 1468675350?
True
Does 870 divide 37258620?
True
Is 23219014 a multiple of 182?
True
Is 197 a factor of 87472772?
False
Is 2096211754 a multiple of 14?
True
Is 350 a factor of 57541686?
False
Is 16 a factor of 162926896?
True
Is 134969632 a multiple of 1301?
False
Is 63469196 a multiple of 3?
False
Does 2258 divide 115519302?
False
Is 3 a factor of 209304?
True
Is 32 a factor of 24380981?
False
Is 1172240820 a multiple of 1684?
True
Does 850 divide 15350618?
False
Does 7 divide 9305121?
True
Does 98 divide 13310794?
False
Is 1916552602 a multiple of 46?
True
Does 86 divide 393075556?
True
Does 168 divide 2211552?
True
Is 11 a factor of 41785810?
True
Does 7 divide 1551457943?
True
Is 112 a factor of 133675441?
False
Does 27 divide 60606252?
True
Is 2138 a factor of 305199288?
False
Is 366362061 a multiple of 3?
True
Is 1860601009 a multiple of 118?
False
Does 2810 divide 196831896?
False
Is 20 a factor of 73988743?
False
Is 74383716 a multiple of 14?
False
Is 111011433 a multiple of 19?
True
Is 1419 a factor of 1987182663?
False
Does 283 divide 188373744?
False
Is 149 a factor of 168007334?
True
Is 4285 a factor of 950935770?
True
Is 359984668 a multiple of 204?
False
Does 27 divide 74373541?
False
Does 900 divide 219967221?
False
Is 6632 a factor of 522267925?
False
Does 49 divide 835086567?
True
Is 4 a factor of 259562372?
True
Is 2625 a factor of 381535875?
True
Does 33 divide 252669645?
False
Is 1742